*3 + 26*n**2 - 29*n - 51. What is g(-27)?
3
Let b(s) = -49*s - 125. Determine b(-3).
22
Let x(h) = h**3 - h**2 + 2*h - 97. Calculate x(0).
-97
Let j(w) = -w**3 - 12*w**2 - 20*w - 17. What is j(-8)?
-113
Let g(o) = -106*o**2 - 315*o + 6. Determine g(-3).
-3
Let y(j) = -j**3 - 4*j**2 + 2*j + 2. Give y(-3).
-13
Let w(r) = 3*r**2 - 6*r + 5. Calculate w(5).
50
Let b(s) = s**3 - 6*s**2 + 2*s - 3. What is b(6)?
9
Let y(c) = -c**3 - 19*c**2 - 8*c - 156. Give y(-19).
-4
Let v(m) = -12*m - 432. What is v(-35)?
-12
Let j(a) = -48*a - 189. What is j(-4)?
3
Let s(m) = 15*m + 14. Determine s(-3).
-31
Let k(c) = -c**3 - c**2 + 1. Determine k(-2).
5
Let v(u) = -2*u**3 + 38*u**2 + 83*u + 25. Determine v(21).
4
Let z(g) = -7*g**3 + g**2 - 1. What is z(1)?
-7
Let l(u) = u**2 + u - 9. Determine l(-2).
-7
Let c(n) = -11*n**3 - 4*n**2 - 3*n - 2. Calculate c(-2).
76
Let m(h) = -h**2 - 6*h + 1. Determine m(-7).
-6
Let m(d) = d**2 - 2*d - 5. Give m(-4).
19
Let d(v) = -v**2 - 2*v - 3. What is d(-3)?
-6
Let k(b) = -2*b. Determine k(2).
-4
Let a(k) = k + 31. Determine a(-9).
22
Let s(o) = 3*o - 39. Calculate s(11).
-6
Let b(c) = -3*c - 14. Determine b(-8).
10
Let r(g) = -11*g**2 - 31*g + 35. Determine r(1).
-7
Let o(v) = -2*v - 2. Calculate o(12).
-26
Let i(j) = 2*j**2 - 10*j + 6. Give i(5).
6
Let o(z) = -z**2 - 8*z - 1. Give o(-5).
14
Let l(h) = -h**2 - 30*h - 2. Calculate l(-30).
-2
Let i(r) = r**2 - 29*r + 93. What is i(25)?
-7
Let x(o) = o - 1. Determine x(6).
5
Let i(g) = 14*g - 139. Determine i(11).
15
Let w(u) = -u**2 - 11*u. Calculate w(3).
-42
Let p(w) = 2*w**2 + 35*w + 49. Determine p(-16).
1
Let a(p) = p**2 - 8*p + 8. Determine a(5).
-7
Let g(x) = -2*x**2 + 5*x - 2. Calculate g(-4).
-54
Let q(i) = 7*i + 8. What is q(-6)?
-34
Let f(b) = -4*b - 5. Calculate f(1).
-9
Let k(a) = 2*a**2 + 4*a + 3. What is k(-2)?
3
Let k(h) = h**2 - 11*h + 7. Give k(7).
-21
Let f(i) = -17*i - 12. What is f(-1)?
5
Let s(v) = v**3 - 2*v**2 + 3*v - 4. What is s(3)?
14
Let b(r) = -r + 7. Give b(7).
0
Let t(x) = 11*x**2 - 28*x + 16. Give t(2).
4
Let u(w) = -45*w - 573. Give u(-13).
12
Let m(x) = -2*x**3 - 12*x**2 - 14*x - 9. Calculate m(-5).
11
Let q(m) = m**2 - 9*m + 5. What is q(8)?
-3
Let c(w) = w**2 + 8*w - 15. Give c(-10).
5
Let w(n) = 3*n - 19. What is w(-6)?
-37
Let s(i) = -i**3 - 18*i**2 + 13*i - 109. Give s(-19).
5
Let v(r) = -r**3 - 5*r**2 + 5*r - 2. Determine v(-6).
4
Let d(j) = -j**2 + 6*j + 2. Give d(3).
11
Let d(x) = -x**3 - 16*x**2 + 2*x - 8. Determine d(-16).
-40
Let j(d) = 2*d**2 + d. Give j(1).
3
Let v(p) = -p**2 + 2*p + 21. Calculate v(0).
21
Let n(a) = -a**2 + 21*a - 13. What is n(6)?
77
Let l(m) = -2*m**2 + m + 60. Calculate l(0).
60
Let p(x) = x**3 - 6*x**2 - 17*x + 1. Calculate p(9).
91
Let q(b) = 7*b**3 - 3*b**2 - 2*b - 1. What is q(-1)?
-9
Let h(l) = -l - 49. What is h(-11)?
-38
Let v(x) = -x**2 + 11*x + 7. Give v(8).
31
Let c(f) = f**3 - 20*f**2 + 17*f + 28. Determine c(19).
-10
Let w(h) = h**2 + 10*h + 13. Determine w(-9).
4
Let a(h) = -h**3 + 13*h**2 + 15*h - 9. Calculate a(14).
5
Let h(x) = x**2 + 10*x + 6. Give h(-8).
-10
Let q(v) = -2*v**3 + 29*v**2 + 16*v - 17. Give q(15).
-2
Let p(c) = -c**3 + 17*c**2 - 17*c + 9. What is p(16)?
-7
Let h(n) = n + 1. What is h(-2)?
-1
Let u(n) = n**2 - 17*n + 26. Give u(14).
-16
Let v(m) = m**2 + 16*m + 32. Determine v(-14).
4
Let r(d) = -4*d + 3. Determine r(2).
-5
Let v(p) = p**2 + 14*p + 43. Determine v(-5).
-2
Let t(r) = r**2 + 8*r + 8. Determine t(-6).
-4
Let j(d) = -25*d - 81. Give j(-4).
19
Let x(j) = -56*j + 97. Determine x(2).
-15
Let f(i) = 2*i - 26. What is f(10)?
-6
Let r(l) = l**3 + 38*l**2 + 35*l + 14. Give r(-37).
88
Let m(n) = n**3 - 3*n**2 - 24*n - 16. Calculate m(-5).
-96
Let r(f) = f**3 + 4*f**2 - 8*f - 12. What is r(-5)?
3
Let g(o) = o**3 + 3*o**2 - 3*o - 1. What is g(-3)?
8
Let w(j) = -4*j**3 - 2*j**2 - 1. Give w(-2).
23
Let b(h) = -h**2 - 14*h - 16. Give b(-12).
8
Let y(f) = -14*f - 22. Give y(-2).
6
Let f(o) = o**2 + 9*o - 13. Give f(-10).
-3
Let f(c) = 11*c - 21. Give f(2).
1
Let s(h) = 2*h**2 - 2*h - 18. Give s(5).
22
Let s(x) = 2*x - 42. Determine s(18).
-6
Let z(q) = -q**2 + 3*q + 5. Give z(5).
-5
Let u(f) = -13*f - 25. Determine u(-10).
105
Let g(x) = x**2 + x + 2. Give g(0).
2
Let l(m) = -2*m**3 - 17*m**2 - 11*m + 14. Give l(-6).
-100
Let u(m) = m**3 + 8*m**2 + 7*m + 4. Calculate u(-7).
4
Let i(f) = 3*f + 64. What is i(-16)?
16
Let f(q) = -3*q**2 + 4*q + 8. Determine f(5).
-47
Let t(k) = -k**2 + k + 11. Calculate t(5).
-9
Let o(v) = 11*v**3 - v**2 + v + 1. Determine o(-1).
-12
Let v(w) = 32*w**2 + w + 1. Calculate v(-1).
32
Let q(m) = -m**2 + 8*m - 12. Give q(8).
-12
Let m(b) = -27*b + 20. Determine m(-3).
101
Let l(h) = 3*h - 33. Give l(-4).
-45
Let q(t) = 31*t. Give q(-1).
-31
Let h(i) = -i + 1. Give h(-4).
5
Let y(x) = 3*x - 12. Calculate y(1).
-9
Let v(b) = -2*b - 12. Calculate v(6).
-24
Let w(p) = -p**2 - 19*p + 27. Give w(-20).
7
Let f(v) = 12*v - 33. What is f(9)?
75
Let g(a) = a**2 + 15*a + 9. Determine g(-14).
-5
Let y(g) = 4*g + 24. What is y(-7)?
-4
Let j(l) = 103*l - 117. Calculate j(1).
-14
Let s(p) = -p**2 + 2*p - 20. Give s(0).
-20
Let u(a) = 2*a**3 + 14*a**2 + 3*a. What is u(-6)?
54
Let u(x) = x**3 + 33*x**2 + 65*x + 89. Calculate u(-31).
-4
Let r(m) = -28*m + 341. Give r(12).
5
Let h(q) = -q**3 + 11*q + 3. Determine h(-3).
-3
Let x(s) = s + 36. What is x(0)?
36
Let f(w) = -w + 9. Calculate f(10).
-1
Let c(n) = n + 24. Determine c(6).
30
Let t(j) = j**3 + 7*j**2 + 8*j + 1. Determine t(-6).
-11
Let v(q) = -q**2 - 4*q + 7. What is v(0)?
7
Let s(v) = -v**2 - 16*v + 228. What is s(9)?
3
Let n(d) = 23*d + 134. What is n(-5)?
19
Let w(o) = -o**3 + 48*o**2 + 50*o - 51. Calculate w(49).
-2
Let n(r) = -4*r + 30. Calculate n(15).
-30
Let i(r) = -7*r - 63. Determine i(-10).
7
Let l(b) = -30*b + 223. Give l(8).
-17
Let q(i) = -16*i**2 + 4. Determine q(-2).
-60
Let d(v) = -v**3 - 20*v**2 - 2*v - 19. Calculate d(-20).
21
Let l(p) = -p**2 + p + 3. Calculate l(-4).
-17
Let v(n) = n**3 - 15*n**2 + 25*n + 23. Give v(13).
10
Let v(g) = g - 3. Determine v(8).
5
Let r(v) = -8*v + 167. Give r(23).
-17
Let s(u) = u**2 + 36*u + 63. Give s(-34).
-5
Let o(u) = -u**3 - 3*u**2 - 4*u - 2. What is o(-2)?
2
Let k(d) = -d**2 + 13*d - 5. Give k(14).
-19
Let x(j) = j**3 + j**2 + 5*j - 3. Give x(3).
48
Let r(y) = -y**2 + 12*y + 19. What is r(11)?
30
Let b(y) = 7*y**3 + 4*y**2 - 2*y - 1. Give b(-1).
-2
Let u(k) = -k**2 + 10*k - 29. Calculate u(4).
-5
Let w(g) = 35*g + 186. Calculate w(-5).
11
Let y(k) = k**2 + 10*k + 15. Give y(-8).
-1
Let y(d) = 3*d + 49. Calculate y(-15).
4
Let q(k) = -k + 4. What is q(-3)?
7
Let i(f) = f**3 + 15*f - 28. Calculate i(2).
10
Let d(o) = o**2 + 5*o + 7. What is d(-10)?
57
Let q(c) = 25*c + 128. Calculate q(-5).
3
Let c(y) = y**2 + 9*y + 6. Give c(-1).
-2
Let a(g) = g - 3. What is a(24)?
21
Let g(z) = z**3 + 34*z**2 + 35*z + 69. What is g(-33)?
3
Let p(f) = f**3 + 5*f**2 + 5*f + 2. What is p(-3)?
5
Let w(p) = 6*p**2 - 2*p + 2. Give w(2).
22
Let q(c) = -80*c - 235. What is q(-3)?
5
Let q(b) = -b**2 - 18*b + 7. Calculate q(-19).
-12
Let g(r) = 93*r + 190. Give g(-2).
4
Let m(x) = -x**2 + 10*x + 15. Give m(11).
4
Let v(o) = 5*o**2 - 2*o + 6. Determine v(3).
45
Let u(w) = 5*w + 44. Calculate u(-9).
-1
Let k(b) = -b - 3. What is k(-10)?
7
Let g(f) = -f**2 + 19*f - 12. Calculate g(18).
6
Let v(n) = 7*n**2 - 2*n - 1. Give v(1).
4
Let l(v) = -v**2 - 20*v - 35. Determine l(-18).
1
Let u(f) = 4*f - 7. Determine u(-8).
-39
Let t(s) = 5*s + 14. Calculate t(-4).
-6
Let g(n) = n**2 + 21*n - 30. Calculate g(-22).
-8
Let i(z) = z**3 - 13*z**2 + 13*z - 6. What is i(12)?
6
Let x(s) = -s**2 - 10*s + 10. What is x(-11)?
-1
Let s(v) = v - 38. What is s(0)?
-38
Let d(w) = 2*w**2 + 23*w - 5. Give d(-12).
7
Let y(c) = c**2 - 6*c. Give y(4).
-8
Let c(u) = -u. Calculate c(-8).
8
Let a(o) = -8*o**2 + 3*o + 4. What is a(-2)?
-34
Let h(x) = 6*x + 20. Determine h(-3).
2
Let o(m) = -15*m - 45. What is o(-3)?
0
Let z(g) = -48*g - 1. Determine z(1).
-49
Let s(b) = 6*b + 3. Give s(-2).
-9
Let j(k) = k**2 + 4*k - 17. Calculate j(-7).
4
Let w(c) = -c**3 - 3*c**2 - 2*c + 4. Give w(3).
-56
Let n(j) = -j**3 - 18*j**2 - 4*j - 21. Give n(-18).
51
Let t(b) = b**3 - 4*b**2 + 2*b - 4. Give t(5).
31
Let n(u) = -u**2 + 8*u +